{"id":3713,"date":"2019-04-16T10:05:06","date_gmt":"2019-04-16T08:05:06","guid":{"rendered":"http:\/\/folyondar.hu\/?page_id=3713"},"modified":"2025-06-03T12:11:51","modified_gmt":"2025-06-03T10:11:51","slug":"taborok","status":"publish","type":"page","link":"https:\/\/folyondar.hu\/?page_id=3713","title":{"rendered":"T\u00e1borok"},"content":{"rendered":"\n<h1 class=\"has-text-align-center wp-block-heading\"><strong>Szeretn\u00e9, ha gyermeke mozg\u00e1ssal t\u00f6lten\u00e9 a nyarat? <\/strong><\/h1>\n\n\n\n<p class=\"has-text-align-center\"><strong>A t\u00e1borba val\u00f3 meg\u00e9rkez\u00e9skor egy jelentkez\u00e9si lapot \u00e9s egy sz\u00fcl\u0151i felel\u0151ss\u00e9gv\u00e1llal\u00e1si nyilatkozatot kell kit\u00f6lteni a sz\u00fcl\u0151knek <\/strong>(formanyomtatv\u00e1nyokat kapnak az edz\u0151kt\u0151l). <\/p>\n\n\n\n<p class=\"has-text-align-center\"><strong>T\u00e1borainkr\u00f3l lejjebb tal\u00e1lsz r\u00e9szletesebb inform\u00e1ci\u00f3t.<\/strong><\/p>\n\n\n\n<p><\/p>\n\n\n\n<p><\/p>\n\n\n\n<h4 class=\"has-text-align-left wp-block-heading\"><strong>Hip-Hop \u2013 T\u00e1ncterem \u00e9s szabad t\u00e9r<\/strong><\/h4>\n\n\n\n<figure class=\"wp-block-image size-large\"><a href=\"http:\/\/folyondar.hu\/wp-content\/uploads\/2023\/05\/hip-hop.png\"><img loading=\"lazy\" decoding=\"async\" width=\"500\" height=\"500\" src=\"http:\/\/folyondar.hu\/wp-content\/uploads\/2023\/05\/hip-hop.png\" alt=\"\" class=\"wp-image-5271\" srcset=\"https:\/\/folyondar.hu\/wp-content\/uploads\/2023\/05\/hip-hop.png 500w, https:\/\/folyondar.hu\/wp-content\/uploads\/2023\/05\/hip-hop-300x300.png 300w, https:\/\/folyondar.hu\/wp-content\/uploads\/2023\/05\/hip-hop-150x150.png 150w, https:\/\/folyondar.hu\/wp-content\/uploads\/2023\/05\/hip-hop-400x400.png 400w\" sizes=\"auto, (max-width: 500px) 100vw, 500px\" \/><\/a><\/figure>\n\n\n\n<p><br>T\u00e1borvezet\u0151: Bolla Mariann<\/p>\n\n\n\n<p>Tov\u00e1bbi inform\u00e1ci\u00f3\u00e9rt \u00e9rdekl\u0151dj: 06 20 379 3092<\/p>\n\n\n\n<p><\/p>\n\n\n\n<h4 class=\"has-text-align-left wp-block-heading\"><strong>Aerobik &#8211; \u00faj csarnok<\/strong><\/h4>\n\n\n\n<figure class=\"wp-block-image size-large\"><a href=\"http:\/\/folyondar.hu\/wp-content\/uploads\/2023\/05\/aerobik.png\"><img loading=\"lazy\" decoding=\"async\" width=\"500\" height=\"500\" src=\"http:\/\/folyondar.hu\/wp-content\/uploads\/2023\/05\/aerobik.png\" alt=\"\" class=\"wp-image-5273\" srcset=\"https:\/\/folyondar.hu\/wp-content\/uploads\/2023\/05\/aerobik.png 500w, https:\/\/folyondar.hu\/wp-content\/uploads\/2023\/05\/aerobik-300x300.png 300w, https:\/\/folyondar.hu\/wp-content\/uploads\/2023\/05\/aerobik-150x150.png 150w, https:\/\/folyondar.hu\/wp-content\/uploads\/2023\/05\/aerobik-400x400.png 400w\" sizes=\"auto, (max-width: 500px) 100vw, 500px\" \/><\/a><\/figure>\n\n\n\n<p>T\u00e1borvezet\u0151: Kolozsv\u00e1ri Anna<\/p>\n\n\n\n<p>Tov\u00e1bbi inform\u00e1ci\u00f3\u00e9rt \u00e9rdekl\u0151dj: 06 70 270 2031<\/p>\n\n\n\n<p> <\/p>\n\n\n\n<h4 class=\"has-text-align-left wp-block-heading\"><strong>Tenisz &#8211; salakos p\u00e1ly\u00e1k<\/strong><\/h4>\n\n\n\n<figure class=\"wp-block-image size-large\"><a href=\"http:\/\/folyondar.hu\/wp-content\/uploads\/2023\/05\/tenisz.png\"><img loading=\"lazy\" decoding=\"async\" width=\"500\" height=\"500\" src=\"http:\/\/folyondar.hu\/wp-content\/uploads\/2023\/05\/tenisz.png\" alt=\"\" class=\"wp-image-5275\" srcset=\"https:\/\/folyondar.hu\/wp-content\/uploads\/2023\/05\/tenisz.png 500w, https:\/\/folyondar.hu\/wp-content\/uploads\/2023\/05\/tenisz-300x300.png 300w, https:\/\/folyondar.hu\/wp-content\/uploads\/2023\/05\/tenisz-150x150.png 150w, https:\/\/folyondar.hu\/wp-content\/uploads\/2023\/05\/tenisz-400x400.png 400w\" sizes=\"auto, (max-width: 500px) 100vw, 500px\" \/><\/a><\/figure>\n\n\n\n<p><\/p>\n\n\n\n<p>Vasas Tenisz T\u00e1bor az eg\u00e9sz ny\u00e1r folyam\u00e1n&nbsp;<br><\/p>\n\n\n\n<p>T\u00e1borvezet\u0151: Bocskay J\u00f3zsef<\/p>\n\n\n\n<p>Tov\u00e1bbi inform\u00e1ci\u00f3\u00e9rt \u00e9rdekl\u0151dj: 06 30 992 3799<\/p>\n\n\n\n\n\n<p>Aktu\u00e1lis inform\u00e1ci\u00f3k: <a href=\"https:\/\/www.facebook.com\/profile.php?id=61564130879416&amp;locale=hu_HU\">facebook<\/a><\/p>\n\n\n\n<p> .<\/p>\n","protected":false},"excerpt":{"rendered":"<p>Szeretn\u00e9, ha gyermeke mozg\u00e1ssal t\u00f6lten\u00e9 a nyarat? A t\u00e1borba val\u00f3 meg\u00e9rkez\u00e9skor egy jelentkez\u00e9si lapot \u00e9s egy sz\u00fcl\u0151i felel\u0151ss\u00e9gv\u00e1llal\u00e1si nyilatkozatot kell kit\u00f6lteni a sz\u00fcl\u0151knek (formanyomtatv\u00e1nyokat kapnak az edz\u0151kt\u0151l). T\u00e1borainkr\u00f3l lejjebb tal\u00e1lsz r\u00e9szletesebb inform\u00e1ci\u00f3t. Hip-Hop \u2013 T\u00e1ncterem \u00e9s szabad t\u00e9r T\u00e1borvezet\u0151: Bolla Mariann Tov\u00e1bbi inform\u00e1ci\u00f3\u00e9rt \u00e9rdekl\u0151dj: 06 20 379 3092 Aerobik &#8211; \u00faj csarnok T\u00e1borvezet\u0151: Kolozsv\u00e1ri Anna&hellip;<\/p>\n","protected":false},"author":5,"featured_media":3722,"parent":0,"menu_order":0,"comment_status":"closed","ping_status":"closed","template":"","meta":{"footnotes":""},"class_list":["post-3713","page","type-page","status-publish","has-post-thumbnail","hentry"],"_links":{"self":[{"href":"https:\/\/folyondar.hu\/index.php?rest_route=\/wp\/v2\/pages\/3713","targetHints":{"allow":["GET"]}}],"collection":[{"href":"https:\/\/folyondar.hu\/index.php?rest_route=\/wp\/v2\/pages"}],"about":[{"href":"https:\/\/folyondar.hu\/index.php?rest_route=\/wp\/v2\/types\/page"}],"author":[{"embeddable":true,"href":"https:\/\/folyondar.hu\/index.php?rest_route=\/wp\/v2\/users\/5"}],"replies":[{"embeddable":true,"href":"https:\/\/folyondar.hu\/index.php?rest_route=%2Fwp%2Fv2%2Fcomments&post=3713"}],"version-history":[{"count":65,"href":"https:\/\/folyondar.hu\/index.php?rest_route=\/wp\/v2\/pages\/3713\/revisions"}],"predecessor-version":[{"id":5563,"href":"https:\/\/folyondar.hu\/index.php?rest_route=\/wp\/v2\/pages\/3713\/revisions\/5563"}],"wp:featuredmedia":[{"embeddable":true,"href":"https:\/\/folyondar.hu\/index.php?rest_route=\/wp\/v2\/media\/3722"}],"wp:attachment":[{"href":"https:\/\/folyondar.hu\/index.php?rest_route=%2Fwp%2Fv2%2Fmedia&parent=3713"}],"curies":[{"name":"wp","href":"https:\/\/api.w.org\/{rel}","templated":true}]}}